se 11?
-3567
Convert b90 (base 15) to base 6.
20030
Convert 484 (base 9) to base 15.
1ba
Convert 3938 (base 10) to base 11.
2a60
What is b85 (base 16) in base 7?
11412
What is -9ad (base 15) in base 4?
-202030
16548 (base 12) to base 11
21a52
Convert -2111112 (base 3) to base 15.
-818
1026a (base 11) to base 12
87a7
What is -1d2 (base 16) in base 6?
-2054
What is -45887 (base 12) in base 11?
-6382a
5655 (base 11) to base 12
4381
What is 41432 (base 9) in base 10?
27326
Convert 132111 (base 4) to base 9.
2586
What is 1010100111 (base 2) in base 4?
22213
Convert 298 (base 11) to base 8.
535
-110201 (base 3) to base 2
-101010111
What is 5809 (base 10) in base 14?
218d
Convert -1011110011000 (base 2) to base 4.
-1132120
Convert 44a (base 12) to base 8.
1172
What is -4203 (base 5) in base 13?
-337
7765 (base 8) to base 11
3084
Convert -455 (base 13) to base 16.
-2ea
Convert 4451 (base 11) to base 2.
1011011101000
-281 (base 15) to base 2
-1000111011
-301 (base 6) to base 7
-214
5344 (base 9) to base 14
1608
What is -5bc (base 13) in base 3?
-1101001
What is 47c (base 13) in base 5?
11104
Convert 333425 (base 6) to base 10.
28025
-3303 (base 5) to base 13
-28b
What is 2b (base 16) in base 5?
133
What is -1707 (base 10) in base 16?
-6ab
Convert 159 (base 10) to base 16.
9f
-db8 (base 16) to base 4
-312320
What is -11236 (base 11) in base 6?
-203125
12112000 (base 3) to base 15
12d3
-90a0 (base 13) to base 2
-100110110111111
-205211 (base 8) to base 16
-10a89
What is -332030 (base 4) in base 13?
-1a72
-3445 (base 7) to base 15
-58d
100101010011111 (base 2) to base 8
45237
Convert -7cf7 (base 16) to base 14.
-b931
Convert -3023002 (base 4) to base 13.
-5bb7
What is 11055 (base 7) in base 3?
10211010
What is -322110 (base 4) in base 14?
-1508
Convert -7bc9 (base 13) to base 9.
-25776
2241 (base 5) to base 2
101000001
What is 110100022 (base 3) in base 16?
2327
What is -30414 (base 5) in base 15?
-8c4
What is -2234 (base 6) in base 4?
-20032
What is 2872 (base 14) in base 11?
5416
What is -17 (base 16) in base 2?
-10111
Convert 1086f (base 16) to base 12.
33213
-10761 (base 8) to base 9
-6263
What is 1681 (base 9) in base 8?
2410
Convert 311 (base 4) to base 8.
65
Convert 5130 (base 7) to base 15.
7e0
What is -1152d (base 16) in base 14?
-1bc05
746 (base 13) to base 12
875
11300 (base 6) to base 2
11001010100
Convert b7 (base 16) to base 5.
1213
What is 20772 (base 9) in base 8?
32672
What is 14102 (base 5) in base 12?
800
What is 2525 (base 6) in base 10?
629
502131 (base 7) to base 3
11022022110
Convert -cb (base 14) to base 5.
-1204
Convert -1 (base 14) to base 15.
-1
-2378 (base 15) to base 12
-4442
Convert -1101110010111 (base 2) to base 12.
-4107
Convert -1377 (base 9) to base 5.
-13132
2011210 (base 3) to base 6
11203
What is -110011101 (base 2) in base 7?
-1130
What is 1033330 (base 5) in base 13?
823c
What is 693 (base 12) in base 16?
3cf
What is -318 (base 16) in base 13?
-48c
2164 (base 13) to base 9
6331
Convert 110200 (base 3) to base 5.
2332
-3866 (base 14) to base 16
-26a2
What is 4621 (base 8) in base 15?
ad4
What is -1ca4 (base 15) in base 14?
-23ad
What is -2182 (base 16) in base 6?
-103414
Convert 12332012 (base 4) to base 8.
67606
Convert -681 (base 9) to base 13.
-340
-53213 (base 6) to base 11
-5464
Convert 2002 (base 11) to base 4.
221220
Convert 1da (base 14) to base 13.
23b
What is c03 (base 13) in base 11?
1587
What is 30563 (base 8) in base 5?
401114
What is 2021001002 (base 3) in base 4?
22313102
What is 3223311 (base 4) in base 12?
8899
What is -55525 (base 8) in base 12?
-11645
Convert 4577 (base 10) to base 3.
20021112
Convert -4504 (base 7) to base 8.
-3125
Convert -10123431 (base 5) to base 10.
-82991
Convert -101011100010111 (base 2) to base 3.
-1010120202
Convert -1000010011 (base 2) to base 14.
-29d
Convert 102002112 (base 3) to base 16.
1f97
Convert -362a (base 11) to base 5.
-123001
Convert -295 (base 13) to base 8.
-714
Convert 2051 (base 7) to base 16.
2d2
What is -4150 (base 7) in base 5?
-21311
What is -21115 (base 8) in base 4?
-2021031
What is -379 (base 10) in base 6?
-1431
514 (base 12) to base 7
2101
What is 556 (base 11) in base 12?
476
-942 (base 11) to base 6
-5131
What is -111213 (base 4) in base 10?
-1383
What is 4dbc (base 16) in base 7?
112006
Convert 3310 (base 4) to base 2.
11110100
30232 (base 4) to base 8
1456
What is -30 (base 13) in base 5?
-124
Convert 3467 (base 15) to base 7.
44266
Convert -59862 (base 10) to base 8.
-164726
-312 (base 10) to base 13
-1b0
Convert 10001101111010 (base 2) to base 5.
242312
Convert 2353 (base 6) to base 13.
351
-443023 (base 7) to base 11
-53569
What is -1103221 (base 4) in base 10?
-5353
Convert 1033 (base 5) to base 12.
bb
48074 (base 9) to base 11
22171
1131202 (base 4) to base 5
142421
Convert -110011101 (base 2) to base 12.
-2a5
Convert -12100000 (base 3) to base 2.
-111100110000
3a7b (base 14) to base 4
2200331
What is -11c8 (base 13) in base 16?
-9e2
-1905 (base 15) to base 3
-21102012
What is 751 (base 9) in base 12?
431
Convert -5335 (base 6) to base 7.
-3350
397 (base 13) to base 12
447
Convert -113631 (base 7) to base 5.
-1124203
Convert 34325 (base 6) to base 5.
124002
Convert 33150 (base 6) to base 14.
196a
-110011101 (base 2) to base 8
-635
What is 11101011001001 (base 2) in base 8?
35311
Convert -1112202220 (base 3) to base 5.
-1433303
What is 10101000100011 (base 2) in base 7?
43310
Convert -1 (base 16) to base 14.
-1
Convert -1220201 (base 3) to base 13.
-835
-1219 (base 16) to base 9
-6317
What is -9278 (base 11) in base 15?
-39a6
-85442 (base 9) to base 8
-156257
What is 10020100 (base 3) in base 13?
10c5
-3e6 (base 15) to base 9
-1200
Convert 100011101011001 (base 2) to base 9.
27044
-460 (base 15) to base 12
-6a6
-4425 (base 6) to base 10
-1025
Convert -37 (base 10) to base 16.
-25
1536 (base 8) to base 11
714
220211220 (base 3) to base 14
685c
Convert 63426 (base 7) to base 8.
36443
313330 (base 4) to base 11
2765
What is a476 (base 13) in base 3?
1011012100
Convert -7b (base 14) to base 10.
-109
Convert -19a8 (base 11) to base 3.
-10111000
14154 (base 6) to base 12
135a
206 (base 8) to base 13
a4
What is 9 (base 14) in base 6?
13
What is -11b02 (base 12) in base 11?
-17084
e6b (base 16) to base 6
25031
-10474 (base 10) to base 2
-10100011101010
Convert 197 (base 12) to base 15.
124
What is -15006 (base 7) in base 14?
-1706
Convert -39361 (base 10) to base 13.
-14bba
a97 (base 14) to base 13
c50
What is -350233 (base 6) in base 5?
-1424101
What is 242333 (base 5) in base 6?
110033
-2332110 (base 4) to base 11
-9173
8a5 (base 11) to base 12
763
Convert -11 (base 2) to base 12.
-3
-11240 (base 5) to base 7
-2251
What is d9 (base 16) in base 8?
331
Convert 121111202 (base 3) to base 5.
341120
-131441 (base 6) to base 13
-563b
-113 (base 14) to base 13
-135
-2111100 (base 3) to base 15
-813
What is -460 (base 7) in base 12?
-17a
Convert -2034311 (base 5) to base 2.
-1000001110101010
Convert -12779 (base 12) to base 13.
-b688
5535 (base 6) to base 9
1675
-1001200 (base 3) to base 14
-3d4
Convert 77 (base 12) to base 13.
70
What is 3085 (base 11) in base 7?
14625
Convert 2e6 (base 15) to base 7.
1641
What is -b5 (base 13) in base 3?
-12111
Convert a38 (base 13) to base 14.
8c1
-5648 (base 16) to base 9
-33262
-583 (base 10) to base 3
-210121
Convert 448 (base 16) to base 11.
907
Convert -111111111110 (base 2) to base 11.
-3092
-55053 (base 6) to base 16
-1da9
What is -21210122 (base 3) in base 13?
-2786
Convert -10233 (base 4) to base 14.
-179
What is -138d (base 14) in base 15?
-1057
What is -c681 (base 13) in base 7?
-143061
Convert -3821 (base 12) to base 2.
-1100011011001
What is ad0 (base 14) in base 3?
2221100
What is 411 (base 8) in base 13?
175
What is -14032 (base 6) in base 3?
-2222202
Convert 4765 (base 12) to base 2.
1111100111101
5631 (base 11) to base 13
34b5
-301 (base 8) to base 14
-db
What is 3010221 (base 4) in base 7?
51456
Convert 41410 (base 8) to base 15.
5140
Convert 202211 (base 5) to base 11.
4a20
Convert -1222 (base 5) to base 13.
-115
Convert -8365 (base 11) to base 2.
-10101101001010
bd2 (base 15) to base 11
200a
Convert -2de7 (base 15) to base 4.
-2122210
What is 1011000010 (base 2) in base 7?
2026
What is -13666